*3 + 5*a**2 + 7 + 2*a - 3*a - a**3 - 10*a + 5*a. Give y(-6).
7
Suppose 0 = 3*v, 4*s + 0*v - v = -36. Let x be (4 - 1)*(-8 - s). Let h(m) = -m**2 + x*m**2 - 7*m**3 - m**2. Give h(1).
-6
Let o(v) be the first derivative of -v**4/12 + v**3 - v**2/2 + 41*v - 13. Let s(i) be the first derivative of o(i). What is s(5)?
4
Let i be (-1)/((-1)/(-13))*(-14 - -13). Let f(s) = -s**3 + 12*s**2 + 16*s - 22. Determine f(i).
17
Let g(j) be the first derivative of -j**3/6 - 4*j**2 + 7*j + 7. Let a(l) be the first derivative of g(l). What is a(-5)?
-3
Suppose 54 = 3*g - 3*v, -g - 5*v + 77 = 47. Suppose 0*f = -f + 4. Suppose 2*t = 7*t + 5*d - 10, f*d = 3*t - g. Let w(a) = a**3 - 5*a**2 + a - 1. Give w(t).
-13
Let a(y) = -5 + 5 + 8*y - 12*y - 6. Calculate a(-9).
30
Suppose -97 + 73 = 22*m - 68. Let v(y) = 6*y**3 + y**2. Let i be v(1). Let d(o) = -3*o**2 - 4*o + 1 + i*o**2 + 2. Determine d(m).
11
Let v(w) = -w - 12. Suppose 4*x + 7 = 31. Suppose -m + 2*m = -x. Let k be v(m). Let z(f) = -f**3 - 5*f**2 + 6*f + 3. Calculate z(k).
3
Let v(p) = 7*p**2 + 18*p + 16. Let r be v(-1). Let l(f) = f**3 - 5*f**2 - 6*f - 2. What is l(r)?
-32
Let s(z) = 3520*z**2 - 3*z**3 + 7 + 4*z**3 + 3533*z**2 + 12*z - 7038*z**2 + 3*z. Determine s(-14).
-7
Suppose 1 = 2*j - 1. Let c(q) = -43*q**2 + 11*q - q**3 - 4 - j + 33*q**2. Determine c(-11).
-5
Suppose 2*x + 4*p - 28 = 0, 2*p - 12 - 20 = -4*x. Let t(y) = -2*y**2 + 13*y - 5. Give t(x).
1
Suppose 0 = -3*c - 0 - 15. Let r(z) be the third derivative of -z**4/12 - 7*z**3/6 + 16*z**2 - 3. Calculate r(c).
3
Let o(r) = r**3 - 98*r + 16. Let l be o(-10). Let d(x) = x**3 + 5*x**2 + x - 6. Calculate d(l).
6
Let s(l) = 8*l + 42. Let c(h) = -3*h - 14. Let j(q) = 11*c(q) + 4*s(q). Give j(9).
5
Let p(x) be the second derivative of -x**3/6 - x**2 + x - 30. Suppose -19 = 5*i + 6. Let u(s) = -3*s - 3. Let l(r) = i*p(r) + 3*u(r). What is l(2)?
-7
Let k(n) = 6*n + 1 + 3*n**2 + 8*n + 6*n - 16*n + 2. What is k(-2)?
7
Let x(y) = -y**2 - 9*y - 4. Let g be 4/(-8) - 91/14. Calculate x(g).
10
Suppose -2*z = -4*p + 146, -p + 219 = -3*z - 3*p. Let a = z + 69. Let m(g) = -g - 4. Give m(a).
0
Let x(j) = -j**2 + 5*j - 2. Let y be x(2). Suppose y*l - 9 = 3. Let u(m) be the third derivative of m**4/12 + 2*m**3/3 + m**2. Calculate u(l).
10
Let u(x) = x**3 + 7*x**2 - 9*x - 13. Suppose -98 + 2 = 12*w. What is u(w)?
-5
Let y(k) = -k**3 - k + 21. Suppose -n + 0 = -4*w - 2, -2*w = -2*n + 4. Determine y(w).
21
Suppose 2*t - 2*k = 10 - 4, 0 = -3*t - k + 9. Let l(o) be the second derivative of -o**4/6 + o**3/2 + 2*o**2 - 2*o. Give l(t).
-5
Let d(g) = g**2 + 6*g - 2. Let p be d(-6). Let n be 1 + (p + 3)*1. Suppose 5*m - 6 = n*m. Let a(h) = h**3 - 3*h**2. Determine a(m).
-4
Let q = 303 - 309. Let f(i) = -4*i - 15. Let h(g) = g + 1. Let m(y) = -f(y) - 3*h(y). Determine m(q).
6
Let o(v) = -3*v. Let s be o(-1). Let c(h) = h**3 - 3*h - 1. Let j(b) = -2*b**3 - b**2 + 6*b + 1. Let w(m) = 5*c(m) + 2*j(m). What is w(s)?
-3
Let z(h) = 3*h**2 + 3*h - 17. Let k(y) = y**2 + y - 4. Let r(d) = 4*k(d) - z(d). Let v(p) = p - 3. Let s be v(-6). Let b be 2/6 - (-30)/s. What is r(b)?
7
Let x = -17 - -25. Let j(a) = 0*a - x + 0 - 2*a. Let c(g) = -g**2 + 8*g - 6. Let o be c(8). Give j(o).
4
Let j(o) = 5*o. Suppose -10*w + 5*k + 22 = -13*w, -2*k = -2*w - 20. Give j(w).
-45
Let k = 0 - 3. Let r(y) = -6*y**2 - 4*y + 3. Let s(i) = 47*i - 47*i - 1 + i**2. Let f(n) = -r(n) - 5*s(n). Give f(k).
-1
Let q(t) = t**3 - 6*t**2 + t + 7. Let f be q(6). Let h = -13 + f. Let i(a) = 2 - 7 - 2 - 8 - a. Determine i(h).
-15
Let j be (-8 + 7)/((-1)/12*2). Suppose j*c - c = m + 1, -c = -5*m - 29. Let x(y) = y**2 + 6*y - 6. What is x(m)?
-6
Let o be 54/36*2/(-3). Let y(t) = 2*t**3 - 6*t**2 - 5. Let p(g) = -g**3 - g**2 - 1. Let m(f) = 6*p(f) - y(f). What is m(o)?
7
Suppose -2*t - 15 = -5*t. Suppose 4*u - 3 = -5*b + 17, -3*u + 15 = -t*b. Suppose -7 + 25 = -5*y + o, -u*o + 15 = 0. Let m(s) = -3*s - 2. Determine m(y).
7
Let b(d) = 4*d - 2. Let y be b(-2). Let a(x) be the second derivative of x**4/12 + 3*x**3/2 - 5*x**2 - 32*x. Give a(y).
0
Let s(q) = -2*q - 1. Let f(g) = -5*g - 5. Let w(k) = 2*f(k) - 4*s(k). Give w(12).
-30
Let t(u) = -u**2 + 3*u - 2. Suppose 5 = -3*n + 5*d - 6, -5*n - 3*d - 7 = 0. Let v(w) = w**2 - w - 6. Let f be v(0). Let r = n - f. What is t(r)?
-6
Let v be 1 + (-2 - (1 + -2)). Let s(h) = -5*h**2 - 3*h + h**2 - 1 + 4*h + 3*h**2. What is s(v)?
-1
Let u(s) = -3*s - 10. Let n(q) = 9*q + 29. Let v(o) = 3*n(o) + 8*u(o). Let j be (-9 - 128/(-56)) + (-2)/7. What is v(j)?
-14
Let b(d) = d**2 - 2*d - 7. Let g be b(-2). Let n(k) = -k**2 - 6*k + 5. Let q be n(g). Let s(t) = -4*t - 3. Determine s(q).
5
Let q(b) = 6*b**2 - 3*b - 2. Let u be q(2). Let m = -10 + u. Let n(g) = g - 7. What is n(m)?
-1
Let o(p) = 5*p**3 + 7*p**2 - 20*p + 20. Let f(k) = 3*k**3 + 5*k**2 - 13*k + 13. Let w(j) = -8*f(j) + 5*o(j). Let s be -1 + -3 + 9 + -1. Give w(s).
-4
Let i(y) = -y**2 - y - 2. Let n(b) = b**3 - 7*b**2 - b + 3. Let j be n(7). Let r(u) = u**2 + 2*u + 2. Let a(w) = j*r(w) - 5*i(w). Determine a(4).
6
Let t(r) = r**3 + 7*r**2 + 7*r + 9. Let h be t(-6). Suppose i - 16 = -h*i. Let d(x) = 5*x - 7*x - 3 + i*x. What is d(3)?
3
Let c(t) = t**2 + t. Let h = -32 + 37. Let o(m) = -6*m**2 - 2*m + 3. Let n(s) = h*c(s) + o(s). Suppose 8*k = -2*u + 4*k - 8, 3*u = -3*k. Give n(u).
-1
Let l(r) = -7*r - 2. Suppose -11*f - 6 = -8*f. Give l(f).
12
Let f(a) = -a**2 - 5*a + 8. Suppose -4*x + 12 = 2*v, 2*v - 6*x = -x + 12. Suppose 0 = 2*h - v, 0 = 2*z + 5*h - 1 - 0. Determine f(z).
-6
Let f(b) = -b - 2*b**3 + 4*b**2 - 5*b**2 + 0*b**3. Suppose 3*v - 66*v - 4 = 59. Give f(v).
2
Let o be 0/2 - (-2 + 0). Let q(r) = 4*r**3 + r**2 - r - 13. Let z(p) = 11 + 10 + 15 - p**3 - 33. Let d(c) = 2*q(c) + 9*z(c). Calculate d(o).
-3
Let p(o) = o - 4. Let h be p(7). Suppose 7 + 2 = h*l. Let n(w) = -109 + 108 - 2*w + 2*w - w. Give n(l).
-4
Let a(l) = 2 - 2176*l**2 - 2*l + 1084*l**2 + 1084*l**2. Determine a(1).
-8
Let h(p) be the second derivative of p**4/6 - p**3/6 + 3*p**2/2 + p - 77. What is h(-2)?
13
Suppose -21*h = 7*h - 196. Let b(y) = y**2 - y - 32. Give b(h).
10
Let p be (-3 - 8/(-3))*4 - -2. Let k(l) be the second derivative of 0 - p*l**3 + 5/2*l**2 - l. Calculate k(4).
-11
Let y(w) = -11*w**2 + w. Let d(b) = -b**3 + 8*b**2 + 2*b - 8. Let f be (-12*1)/(30/(-20)). Let u be d(f). Let p = u + -9. Calculate y(p).
-12
Let x(r) = r**3 - 31*r**2 - 31*r - 33. Suppose -5*n = 32*u - 27*u - 165, -2*n - 126 = -4*u. What is x(u)?
-1
Let i(x) = -2*x - 2*x + 6*x. Suppose -2*r - r - 3*c = -12, -3*r + 3*c = -12. Let t be ((r/1)/(-4)*1)/(-1). Give i(t).
2
Let s(f) = -9*f - f**3 + 1 - 4*f**2 + 9*f. Let m(d) = d**2 - 8*d - 7. Let y be m(9). Suppose -y*k + 12 = -5*k. What is s(k)?
1
Let x(q) = q**3 - 5*q**2 - 5*q + 2. Let u be x(6). Suppose -7*y + u*y = 2. Let k(s) = -2*s + 12 + 26*s**2 - 3 - 25*s**y + 9*s. Calculate k(-6).
3
Let p(n) = n**3 - 4*n**2 + n. Let r(h) = h**2 - 5*h - 4. Let m be r(6). Suppose -a + 4*d - 12 = -d, -m*d = 4*a + 4. Let v be -3 - -5 - (-3 - a). Give p(v).
-6
Suppose 4*j - 31 = -2*u - j, -4*u + 17 = j. Suppose 5*a - u = 22. Let c(o) = o**2 - 3*o - 1. Calculate c(a).
9
Let i(h) = -6*h**2 + 2*h + 8. Let x(g) = 2*g**2 - 1. Let w(m) = -i(m) - 2*x(m). Determine w(3).
6
Let f(j) = 12*j**2 - 36*j**2 + 12*j**2 + 7*j**2 + 2 - 4*j + 6*j**2. Let r = 1 - -1. Give f(r).
-2
Let g(s) = -2*s**2 + s - 1. Let b(x) = 7*x**2 + 3*x + 11. Let z(k) = b(k) + 4*g(k). Calculate z(7).
7
Let g(j) = 2*j. Suppose -3 - 3 = -3*l. Suppose -6*u + l = -16. Give g(u).
6
Let w be (-65)/104 + (-5)/((-80)/12). Let q(k) be the third derivative of 1/2*k**3 - w*k**4 + 0 + 0*k - 5*k**2. Give q(2).
-3
Let h(j) = 21*j - 109*j - 1 + 23*j + 27*j. Determine h(1).
-39
Let i(y) = -y**3 + 13*y**2 + 5*y + 121. Let d be i(14). Let h(w) = w**3 + 5*w**2 - 6. Determine h(d).
-6
Suppose p = 10*p - 63. Let t(y) = y**3 - 6*y**2 - 8*y + 9. Let k be t(p). Let c(j) = -j**2 - 3*j + 1. Give c(k).
-9
Let b = 1 + 0. Let z(q) = 2*q + 3. Let w be z(b). Let j(m) = -12 - m + w - 1 + 4. Calculate j(-5).
1
Let h(r) = -3*r + 1 - 64*r**2 - r**3 + 4*r**2 + 54*r**2. Let s = 2 - -2. Let y(w) = -2*w + 3. Let x be y(s). Give h(x).
-9
Let d(g) = -17*g - 16*g**3 + 38 + g**2 - 37 - 2*g**2 + 17*g. Determine d(-1).
16
Let v = 20 - 19. Let